{"id":1986,"date":"2014-04-24T16:00:17","date_gmt":"2014-04-24T14:00:17","guid":{"rendered":"https:\/\/luegde.sawah.mobi\/?page_id=1986"},"modified":"2014-05-18T10:46:55","modified_gmt":"2014-05-18T08:46:55","slug":"ferne-ufer","status":"publish","type":"page","link":"https:\/\/luegde.sawah.mobi\/?page_id=1986","title":{"rendered":"Ferne Ufer"},"content":{"rendered":"<p>Was haben die \u201eBratwurst Days\u201c in Sheboygan im amerikanischen Bundesstaat Wisconsin mit dem L\u00fcgder Ortsteil Hummersen zu tun?<\/p>\n<p><em><\/em>Eine ganze Menge. Denn im Zuge der Auswandererwelle in der Mitte des 19. Jahrhunderts machten sich auch 20.000 Lipper auf den Weg, um in der Ferne ihr Gl\u00fcck zu finden. Hunger, Perspektivlosigkeit und die politischen Bedingungen waren die Gr\u00fcnde f\u00fcr diesen gro\u00dfen Schritt. Viele Hummerser lie\u00dfen sich vom \u201eAmerikafieber\u201c anstecken. Zur damaligen Zeit war das Dorf \u00fcberbev\u00f6lkert. Viele Bewohner fanden keine Arbeit, M\u00e4nner mussten oft als Tagel\u00f6hner arbeiten, alleinstehende Frauen hatten ein schweres Leben. Aber die hoffnungsvollen Berichte der Auswanderer machten anderen Auswanderungswilligen Mut, den Schritt in ein neues Leben zu beginnen.<\/p>\n<p>F\u00fcr die \u00dcberfahrt und den Neustart wurde das gesamte Hab und Gut verkauft. Die beschwerliche Reise f\u00fchrte zun\u00e4chst nach Polle. Dann mit dem Schiff auf der Weser nach Bremen. Von Bremerhaven aus f\u00fchrte die siebenw\u00f6chige \u00dcberfahrt nach New Orleans und New York. Von dort aus reisten die Auswanderer meist in die N\u00e4he der gro\u00dfen Seen. Denn hier lebten bereits viele Lipper. Und so zog es die Hummerser dahin, wo sie weiter ihr vertrautes Plattdeutsch sprechen konnten. In eine Region, die auch \u201ePlattdeutsche Pr\u00e4rie\u201c genannt wird und die zwischen Chicago und St. Louis, Missouri, Illinois, Indiana, Iowa, Michigan und Nebraska liegt. Bis heute wird an der High School und dem College in Sheboygan Deutsch unterrichtet. Einen plattdeutschen Spruch hat manch ein amerikanischen \u201eNeu-Lipper\u201c immer noch auf den Lippen. Und noch heute k\u00f6nnen Hummerser von Verwandten berichten, die damals ausgewandert sind.<\/p>","protected":false},"excerpt":{"rendered":"<p>Was haben die \u201eBratwurst Days\u201c in Sheboygan im amerikanischen Bundesstaat Wisconsin mit dem L\u00fcgder Ortsteil Hummersen zu tun? Eine ganze Menge. Denn im Zuge der Auswandererwelle in der Mitte des 19. Jahrhunderts machten sich auch 20.000 Lipper auf den Weg, um in der Ferne ihr Gl\u00fcck zu finden. Hunger, Perspektivlosigkeit und die politischen Bedingungen waren [&hellip;]<\/p>\n","protected":false},"author":1,"featured_media":1987,"parent":0,"menu_order":0,"comment_status":"open","ping_status":"open","template":"","meta":{"ngg_post_thumbnail":0},"_links":{"self":[{"href":"https:\/\/luegde.sawah.mobi\/index.php?rest_route=\/wp\/v2\/pages\/1986"}],"collection":[{"href":"https:\/\/luegde.sawah.mobi\/index.php?rest_route=\/wp\/v2\/pages"}],"about":[{"href":"https:\/\/luegde.sawah.mobi\/index.php?rest_route=\/wp\/v2\/types\/page"}],"author":[{"embeddable":true,"href":"https:\/\/luegde.sawah.mobi\/index.php?rest_route=\/wp\/v2\/users\/1"}],"replies":[{"embeddable":true,"href":"https:\/\/luegde.sawah.mobi\/index.php?rest_route=%2Fwp%2Fv2%2Fcomments&post=1986"}],"version-history":[{"count":2,"href":"https:\/\/luegde.sawah.mobi\/index.php?rest_route=\/wp\/v2\/pages\/1986\/revisions"}],"predecessor-version":[{"id":2049,"href":"https:\/\/luegde.sawah.mobi\/index.php?rest_route=\/wp\/v2\/pages\/1986\/revisions\/2049"}],"wp:featuredmedia":[{"embeddable":true,"href":"https:\/\/luegde.sawah.mobi\/index.php?rest_route=\/wp\/v2\/media\/1987"}],"wp:attachment":[{"href":"https:\/\/luegde.sawah.mobi\/index.php?rest_route=%2Fwp%2Fv2%2Fmedia&parent=1986"}],"curies":[{"name":"wp","href":"https:\/\/api.w.org\/{rel}","templated":true}]}}