{"id":2062,"date":"2014-05-13T12:51:52","date_gmt":"2014-05-13T10:51:52","guid":{"rendered":"https:\/\/luegde.sawah.mobi\/?page_id=2062"},"modified":"2014-05-15T17:37:24","modified_gmt":"2014-05-15T15:37:24","slug":"emmerauenpark","status":"publish","type":"page","link":"https:\/\/luegde.sawah.mobi\/?page_id=2062","title":{"rendered":"Emmerauenpark"},"content":{"rendered":"<p>Am Rande der historischen Altstadt von L\u00fcgde liegt der idyllische Emmerauenpark. Die Parklandschaft l\u00e4dt zum Erholen und Genie\u00dfen ein und bietet Freizeitspa\u00df f\u00fcr Jung und Alt. W\u00e4hrend die Kinder sich auf dem spannenden Abenteuerspielplatz austoben, l\u00e4dt der Biergarten im gem\u00fctlichen Caf\u00e9 \u201eAnkerplatz\u201c zu einer kleinen Pause ein.<\/p>\n<p>Ein besonderes Highlight ist der \u201eEmmer Beach\u201c im n\u00f6rdlichen Teil des Parks. Der Bade- und Strandbereich bietet unterschiedliche M\u00f6glichkeiten f\u00fcr Sport, Spiel und ein entspanntes Sonnenbad.<\/p>\n<p>In den Sommermonaten finden im Emmerauenpark regelm\u00e4\u00dfig Veranstaltungen statt. Besonders beliebt ist das Unterhaltungsprogramm f\u00fcr Familien und Kinder. Unter dem Titel \u201eSonntags im Park\u201c treten an mehreren Sonntagen Kinderunterhalter auf der Parkb\u00fchne auf.<\/p>","protected":false},"excerpt":{"rendered":"<p>Am Rande der historischen Altstadt von L\u00fcgde liegt der idyllische Emmerauenpark. Die Parklandschaft l\u00e4dt zum Erholen und Genie\u00dfen ein und bietet Freizeitspa\u00df f\u00fcr Jung und Alt. W\u00e4hrend die Kinder sich auf dem spannenden Abenteuerspielplatz austoben, l\u00e4dt der Biergarten im gem\u00fctlichen Caf\u00e9 \u201eAnkerplatz\u201c zu einer kleinen Pause ein. Ein besonderes Highlight ist der \u201eEmmer Beach\u201c im [&hellip;]<\/p>\n","protected":false},"author":2,"featured_media":2113,"parent":0,"menu_order":0,"comment_status":"open","ping_status":"open","template":"","meta":{"ngg_post_thumbnail":0},"_links":{"self":[{"href":"https:\/\/luegde.sawah.mobi\/index.php?rest_route=\/wp\/v2\/pages\/2062"}],"collection":[{"href":"https:\/\/luegde.sawah.mobi\/index.php?rest_route=\/wp\/v2\/pages"}],"about":[{"href":"https:\/\/luegde.sawah.mobi\/index.php?rest_route=\/wp\/v2\/types\/page"}],"author":[{"embeddable":true,"href":"https:\/\/luegde.sawah.mobi\/index.php?rest_route=\/wp\/v2\/users\/2"}],"replies":[{"embeddable":true,"href":"https:\/\/luegde.sawah.mobi\/index.php?rest_route=%2Fwp%2Fv2%2Fcomments&post=2062"}],"version-history":[{"count":3,"href":"https:\/\/luegde.sawah.mobi\/index.php?rest_route=\/wp\/v2\/pages\/2062\/revisions"}],"predecessor-version":[{"id":2090,"href":"https:\/\/luegde.sawah.mobi\/index.php?rest_route=\/wp\/v2\/pages\/2062\/revisions\/2090"}],"wp:featuredmedia":[{"embeddable":true,"href":"https:\/\/luegde.sawah.mobi\/index.php?rest_route=\/wp\/v2\/media\/2113"}],"wp:attachment":[{"href":"https:\/\/luegde.sawah.mobi\/index.php?rest_route=%2Fwp%2Fv2%2Fmedia&parent=2062"}],"curies":[{"name":"wp","href":"https:\/\/api.w.org\/{rel}","templated":true}]}}